{"id":3836,"date":"2019-11-23T05:29:37","date_gmt":"2019-11-23T05:29:37","guid":{"rendered":"https:\/\/icsc.edu.mx\/?page_id=3836"},"modified":"2019-11-24T00:34:21","modified_gmt":"2019-11-24T00:34:21","slug":"idiomas-2","status":"publish","type":"page","link":"https:\/\/icsc.edu.mx\/?page_id=3836","title":{"rendered":"Idiomas"},"content":{"rendered":"<div class=\"wpb-content-wrapper\"><p>[vc_row][vc_column][vc_custom_heading text=&#8221;Ingl\u00e9s&#8221; font_container=&#8221;tag:h1|font_size:48px|text_align:left|color:%23142d91&#8243; google_fonts=&#8221;font_family:Ubuntu%3A300%2C300italic%2Cregular%2Citalic%2C500%2C500italic%2C700%2C700italic|font_style:700%20bold%20regular%3A700%3Anormal&#8221;][vc_separator color=&#8221;custom&#8221; align=&#8221;align_left&#8221; border_width=&#8221;3&#8243; accent_color=&#8221;#edb512&#8243; css=&#8221;.vc_custom_1574487786615{margin-top: -30px !important;}&#8221;][\/vc_column][vc_column width=&#8221;1\/2&#8243;][vc_column_text]<span style=\"font-family: 'trebuchet ms', geneva, sans-serif;\">La academia de Ingl\u00e9s de nuestra instituci\u00f3n est\u00e1 integrada por una plantilla calificada de docentes expertos en el idioma universal, que brindan a nuestros estudiantes, desde Preescolar hasta Bachillerato, una experiencia acad\u00e9mica de alto nivel, por medio de actividades trascendentes que les motivan a aprender y descubrir m\u00e1s sobre este idioma adicional a su lengua materna.<\/span><\/p>\n<p><span style=\"font-family: 'trebuchet ms', geneva, sans-serif;\">Los docentes que brindan esta experiencia educativa son, adem\u00e1s, art\u00edfices y organizadores de diversos eventos culturales que fomentan en el alumno la contextualizaci\u00f3n en el idioma, mucho m\u00e1s all\u00e1 de solamente hablarlo y comprenderlo.<\/span>[\/vc_column_text][\/vc_column][vc_column width=&#8221;1\/2&#8243;][vc_single_image image=&#8221;3838&#8243; img_size=&#8221;full&#8221;][\/vc_column][\/vc_row][vc_row][vc_column][vc_empty_space height=&#8221;60px&#8221;][\/vc_column][vc_column][vc_custom_heading text=&#8221;Franc\u00e9s&#8221; font_container=&#8221;tag:h1|font_size:48px|text_align:left|color:%23142d91&#8243; google_fonts=&#8221;font_family:Ubuntu%3A300%2C300italic%2Cregular%2Citalic%2C500%2C500italic%2C700%2C700italic|font_style:700%20bold%20regular%3A700%3Anormal&#8221;][vc_separator color=&#8221;custom&#8221; align=&#8221;align_left&#8221; border_width=&#8221;3&#8243; accent_color=&#8221;#edb512&#8243; css=&#8221;.vc_custom_1574487786615{margin-top: -30px !important;}&#8221;][\/vc_column][\/vc_row][vc_row][vc_column width=&#8221;1\/2&#8243;][vc_single_image image=&#8221;3527&#8243; img_size=&#8221;full&#8221;][\/vc_column][vc_column width=&#8221;1\/2&#8243;][vc_column_text]<span style=\"font-family: 'trebuchet ms', geneva, sans-serif;\">En un mundo globalizado, la experiencia de aprender una lengua adicional a la materna no es suficiente. Conocer el mundo y c\u00f3mo enfrentarse a \u00e9l, ser\u00e1 uno de los retos de nuestros alumnos al egresar, y queremos brindarles las herramientas que lo permitan con soltura y d\u00e1ndoles una ventaja competitiva en el contexto social en constante actualizaci\u00f3n. <\/span><\/p>\n<p><span style=\"font-family: 'trebuchet ms', geneva, sans-serif;\">Es por ello que, adem\u00e1s de ofertar el idioma universal, ponemos a manos de nuestros alumnos la lengua francesa, por medio del descubrimiento de la cultura que le rodea, y de la mano de docentes altamente capacitados y con perfecto dominio del idioma, que han tenido, adem\u00e1s, la experiencia de estad\u00eda en Francia.<\/span>[\/vc_column_text][\/vc_column][\/vc_row]<\/p>\n<\/div>","protected":false},"excerpt":{"rendered":"<p>[vc_row][vc_column][vc_custom_heading text=&#8221;Ingl\u00e9s&#8221; font_container=&#8221;tag:h1|font_size:48px|text_align:left|color:%23142d91&#8243; google_fonts=&#8221;font_family:Ubuntu%3A300%2C300italic%2Cregular%2Citalic%2C500%2C500italic%2C700%2C700italic|font_style:700%20bold%20regular%3A700%3Anormal&#8221;][vc_separator color=&#8221;custom&#8221; align=&#8221;align_left&#8221; border_width=&#8221;3&#8243; accent_color=&#8221;#edb512&#8243; css=&#8221;.vc_custom_1574487786615{margin-top: -30px !important;}&#8221;][\/vc_column][vc_column width=&#8221;1\/2&#8243;][vc_column_text]La academia de Ingl\u00e9s de nuestra instituci\u00f3n est\u00e1 integrada por una plantilla calificada de docentes expertos en el idioma universal, que brindan a nuestros estudiantes, desde Preescolar hasta Bachillerato, una experiencia acad\u00e9mica de alto nivel, por medio de actividades trascendentes que les motivan a [&hellip;]<\/p>\n","protected":false},"author":1,"featured_media":0,"parent":0,"menu_order":0,"comment_status":"closed","ping_status":"closed","template":"","meta":{"footnotes":""},"class_list":["post-3836","page","type-page","status-publish","hentry"],"_links":{"self":[{"href":"https:\/\/icsc.edu.mx\/index.php?rest_route=\/wp\/v2\/pages\/3836","targetHints":{"allow":["GET"]}}],"collection":[{"href":"https:\/\/icsc.edu.mx\/index.php?rest_route=\/wp\/v2\/pages"}],"about":[{"href":"https:\/\/icsc.edu.mx\/index.php?rest_route=\/wp\/v2\/types\/page"}],"author":[{"embeddable":true,"href":"https:\/\/icsc.edu.mx\/index.php?rest_route=\/wp\/v2\/users\/1"}],"replies":[{"embeddable":true,"href":"https:\/\/icsc.edu.mx\/index.php?rest_route=%2Fwp%2Fv2%2Fcomments&post=3836"}],"version-history":[{"count":5,"href":"https:\/\/icsc.edu.mx\/index.php?rest_route=\/wp\/v2\/pages\/3836\/revisions"}],"predecessor-version":[{"id":3858,"href":"https:\/\/icsc.edu.mx\/index.php?rest_route=\/wp\/v2\/pages\/3836\/revisions\/3858"}],"wp:attachment":[{"href":"https:\/\/icsc.edu.mx\/index.php?rest_route=%2Fwp%2Fv2%2Fmedia&parent=3836"}],"curies":[{"name":"wp","href":"https:\/\/api.w.org\/{rel}","templated":true}]}}