{"id":241,"date":"2015-12-09T11:01:42","date_gmt":"2015-12-09T11:01:42","guid":{"rendered":"http:\/\/smartyschool.stylemixthemes.com\/?page_id=241"},"modified":"2020-08-13T13:48:05","modified_gmt":"2020-08-13T18:48:05","slug":"nuestro-colegio","status":"publish","type":"page","link":"https:\/\/icsc.edu.mx\/?page_id=241","title":{"rendered":"Ilustre Colegio Santiago de Compostela"},"content":{"rendered":"<div class=\"wpb-content-wrapper\"><p>[vc_row full_width=&#8221;stretch_row&#8221; css=&#8221;.vc_custom_1455945184511{background-color: #ffffff !important;background-position: 0 0 !important;background-repeat: no-repeat !important;}&#8221;][vc_column offset=&#8221;vc_col-lg-4 vc_col-md-4&#8243; css=&#8221;.vc_custom_1574236328994{background-color: rgba(71,110,173,0.14) !important;*background-color: rgb(71,110,173) !important;}&#8221;][vc_column_text]<\/p>\n<h4><strong>Nuestro Colegio<\/strong><\/h4>\n<p>[\/vc_column_text][vc_empty_space][vc_column_text]El Ilustre Colegio Santiago de Compostela fue creado pensando futuristamente, ya que hoy en d\u00eda cuenta con cuatro niveles educativos: Preescolar, Primaria, Secundaria y Bachillerato, y uno m\u00e1s, pr\u00f3ximo a iniciar cursos: nivel licenciatura. Somos un organismo multidisciplinario de docentes con un perfil amplio y adecuado de excelencia acad\u00e9mica.<\/p>\n<p>El Colegio ofrece una educaci\u00f3n integral de calidad, donde el profesor -en su sistema de ense\u00f1anza- intercambia puntos de vista con sus alumnos, alent\u00e1ndolos a ser mentalmente activos e induci\u00e9ndolos a ser capaces de resolver situaciones reales y de construir con todos sus sentidos.<\/p>\n<p>Adicionalmente contamos con una educaci\u00f3n en idiomas que le permite a nuestros alumnos, mediante este conocimiento, tener una fuerte herramienta fundamental en competitividad en este mundo globalizado.<\/p>\n<p>Brindamos una educaci\u00f3n basada en valores sociales que, junto con los familiares, permite al ni\u00f1o un desempe\u00f1o brillante social y acad\u00e9mico, cuidando siempre su desarrollo integral e individualidad.<\/p>\n<p><strong>Nuestros valores fundamentales:<br \/>\n<\/strong>Honestidad, sensibilidad, solidaridad, gratitud, prudencia, respeto y responsabilidad.[\/vc_column_text][\/vc_column][vc_column width=&#8221;1\/2&#8243; offset=&#8221;vc_col-lg-4 vc_col-md-4&#8243; css=&#8221;.vc_custom_1574236352442{background-color: rgba(71,110,173,0.14) !important;*background-color: rgb(71,110,173) !important;}&#8221;][stm_spacing lg_spacing=&#8221;36px&#8221; md_spacing=&#8221;10px&#8221;][stm_spacing lg_spacing=&#8221;36px&#8221; md_spacing=&#8221;10px&#8221;][vc_column_text]<strong>Misi\u00f3n:<br \/>\n<\/strong>Ayudar en el proceso de transformaci\u00f3n integral de cada uno de los estudiantes para desarrollar su esp\u00edritu de liderazgo y su capacidad para dirigir su propia superaci\u00f3n, mediante la participaci\u00f3n de personal altamente capacitado, eficiente y honesto; en instalaciones de buen nivel, con lo cual pretendemos obtener calidad y excelencia en nuestros alumnos.<\/p>\n<p><strong>Visi\u00f3n:<\/strong><br \/>\nSer una instituci\u00f3n con alto nivel acad\u00e9mico que trascienda como l\u00edder en educaci\u00f3n y desarrolle conocimientos y destrezas fundamentales en el estudiante y egresado, para fomentar actitudes que le permitan contribuir de manera activa en un mundo conectado globalmente.<\/p>\n<p><strong>Nuestros Principios:<\/strong><br \/>\nSe basan en propiciar una formaci\u00f3n integral sustentada en los cuatro pilares del saber que permita a nuestros alumnos: aprender a conocer (adquiera los instrumentos de la comprensi\u00f3n), aprender a hacer (que encuentre, por medio de la experimentaci\u00f3n, respuestas a sus interrogantes), aprender a convivir (en un ambiente de libertad y respeto, sin discriminaci\u00f3n) y aprender a ser (proceso fundamental para una vida sana).[\/vc_column_text][stm_spacing xs_spacing=&#8221;40px&#8221;][vc_empty_space height=&#8221;116px&#8221;][\/vc_column][vc_column width=&#8221;1\/2&#8243; css=&#8221;.vc_custom_1457088176282{margin-bottom: 0px !important;padding-top: 0px !important;}&#8221; offset=&#8221;vc_col-lg-4 vc_col-md-4&#8243;][stm_spacing xs_spacing=&#8221;80px&#8221; lg_spacing=&#8221;80px&#8221; md_spacing=&#8221;80px&#8221; sm_spacing=&#8221;80px&#8221;][stm_blockquote cite=&#8221;<b>Licenciada Santa Hoyos Aponte<\/b>. Directora General&#8221; footer_space_t=&#8221;60px&#8221;]<\/p>\n<p style=\"text-align: right;\"><em><span style=\"font-size: 12pt;\"><strong>Un espacio marcado por el desarrollo acad\u00e9mico, creativo, social, profesional y emocional, caracterizado por el amor al aprendizaje permanente y las alegr\u00edas de nuevas y diversas amistades.<\/strong><\/span><\/em><\/p>\n<p style=\"text-align: right;\"><em><span style=\"font-size: 12pt;\"><strong>Nuestro querido Colegio fue fundado en 1998 para brindar a los estudiantes excelentes programas acad\u00e9micos y un entorno enriquecedor con estrechas relaciones entre estudiantes y maestros. Nuestro Colegio prepara a los estudiantes tanto para el \u00e9xito personal como para el triunfo profesional.<\/strong><\/span><\/em><\/p>\n<p>[\/stm_blockquote][\/vc_column][\/vc_row][vc_row full_width=&#8221;stretch_row&#8221; disable_element=&#8221;yes&#8221; css=&#8221;.vc_custom_1597344344156{margin-bottom: 66px !important;padding-top: 38px !important;padding-bottom: 22px !important;background-color: #f8f8f8 !important;}&#8221;][vc_column][stm_title title_tag=&#8221;h2&#8243; sep_color=&#8221;custom&#8221; sep_enable=&#8221;true&#8221; title=&#8221;Constancias, Diplomas y Certificados&#8221; sep_css=&#8221;margin-bottom:50px;&#8221; sep_line_css=&#8221;width:60px;height:2px;&#8221; title_font=&#8221;font-weight:300;&#8221; title_margin=&#8221;margin-bottom:50px;&#8221; sep_margin_b=&#8221;50px&#8221; sep_color_custom=&#8221;#dd8500&#8243;][\/stm_title][stm_achievement stm_cat_certifications=&#8221;true&#8221; posts_count=&#8221;6&#8243; certifications=&#8221;true&#8221;][\/vc_column][\/vc_row][vc_row full_width=&#8221;stretch_row&#8221; css=&#8221;.vc_custom_1459850953652{margin-bottom: 66px !important;padding-top: 38px !important;padding-bottom: 22px !important;background-color: #f8f8f8 !important;}&#8221;][vc_column][stm_title title_tag=&#8221;h2&#8243; sep_color=&#8221;custom&#8221; sep_enable=&#8221;true&#8221; title=&#8221;Galer\u00eda Fotogr\u00e1fica&#8221; sep_css=&#8221;margin-bottom:50px;&#8221; sep_line_css=&#8221;width:60px;height:2px;&#8221; title_font=&#8221;font-weight:300;&#8221; title_margin=&#8221;margin-bottom:50px;&#8221; sep_margin_b=&#8221;50px&#8221; sep_color_custom=&#8221;#dd8500&#8243;][\/stm_title][vc_gallery interval=&#8221;3&#8243; images=&#8221;5748,5844,5745,5733,5736,5712,5711,5710,5709,5708,5707,3853,3597,3585,3581,3575,3578,3517,3516,3514,3515,3513,3512,3501,3502&#8243; img_size=&#8221;large&#8221;][\/vc_column][\/vc_row]<\/p>\n<\/div>","protected":false},"excerpt":{"rendered":"<p>[vc_row full_width=&#8221;stretch_row&#8221; css=&#8221;.vc_custom_1455945184511{background-color: #ffffff !important;background-position: 0 0 !important;background-repeat: no-repeat !important;}&#8221;][vc_column offset=&#8221;vc_col-lg-4 vc_col-md-4&#8243; css=&#8221;.vc_custom_1574236328994{background-color: rgba(71,110,173,0.14) !important;*background-color: rgb(71,110,173) !important;}&#8221;][vc_column_text] Nuestro Colegio [\/vc_column_text][vc_empty_space][vc_column_text]El Ilustre Colegio Santiago de Compostela fue creado pensando futuristamente, ya que hoy en d\u00eda cuenta con cuatro niveles educativos: Preescolar, Primaria, Secundaria y Bachillerato, y uno m\u00e1s, pr\u00f3ximo a iniciar cursos: nivel licenciatura. Somos un [&hellip;]<\/p>\n","protected":false},"author":1,"featured_media":0,"parent":0,"menu_order":0,"comment_status":"closed","ping_status":"closed","template":"","meta":{"footnotes":""},"class_list":["post-241","page","type-page","status-publish","hentry"],"_links":{"self":[{"href":"https:\/\/icsc.edu.mx\/index.php?rest_route=\/wp\/v2\/pages\/241","targetHints":{"allow":["GET"]}}],"collection":[{"href":"https:\/\/icsc.edu.mx\/index.php?rest_route=\/wp\/v2\/pages"}],"about":[{"href":"https:\/\/icsc.edu.mx\/index.php?rest_route=\/wp\/v2\/types\/page"}],"author":[{"embeddable":true,"href":"https:\/\/icsc.edu.mx\/index.php?rest_route=\/wp\/v2\/users\/1"}],"replies":[{"embeddable":true,"href":"https:\/\/icsc.edu.mx\/index.php?rest_route=%2Fwp%2Fv2%2Fcomments&post=241"}],"version-history":[{"count":15,"href":"https:\/\/icsc.edu.mx\/index.php?rest_route=\/wp\/v2\/pages\/241\/revisions"}],"predecessor-version":[{"id":5878,"href":"https:\/\/icsc.edu.mx\/index.php?rest_route=\/wp\/v2\/pages\/241\/revisions\/5878"}],"wp:attachment":[{"href":"https:\/\/icsc.edu.mx\/index.php?rest_route=%2Fwp%2Fv2%2Fmedia&parent=241"}],"curies":[{"name":"wp","href":"https:\/\/api.w.org\/{rel}","templated":true}]}}